{"id":3,"date":"2021-11-29T19:54:35","date_gmt":"2021-11-29T19:54:35","guid":{"rendered":"https:\/\/gaterastudio.com\/?page_id=3"},"modified":"2022-03-01T09:19:06","modified_gmt":"2022-03-01T09:19:06","slug":"politica-privacidad","status":"publish","type":"page","link":"https:\/\/gaterastudio.com\/cat\/politica-privacidad\/","title":{"rendered":"Pol\u00edtica de privadesa"},"content":{"rendered":"<div id=\"fws_69d76c3034782\"  data-column-margin=\"default\" data-midnight=\"dark\"  class=\"wpb_row vc_row-fluid vc_row\"  style=\"padding-top: 0px; padding-bottom: 0px; \"><div class=\"row-bg-wrap\" data-bg-animation=\"none\" data-bg-overlay=\"false\"><div class=\"inner-wrap\"><div class=\"row-bg viewport-desktop\"  style=\"\"><\/div><\/div><\/div><div class=\"row_col_wrap_12 col span_12 dark left\">\n\t<div  class=\"vc_col-sm-1 wpb_column column_container vc_column_container col no-extra-padding inherit_tablet inherit_phone\"  data-padding-pos=\"all\" data-has-bg-color=\"false\" data-bg-color=\"\" data-bg-opacity=\"1\" data-animation=\"\" data-delay=\"0\" >\n\t\t<div class=\"vc_column-inner\" >\n\t\t\t<div class=\"wpb_wrapper\">\n\t\t\t\t\n\t\t\t<\/div> \n\t\t<\/div>\n\t<\/div> \n\n\t<div  class=\"vc_col-sm-10 wpb_column column_container vc_column_container col no-extra-padding inherit_tablet inherit_phone\"  data-padding-pos=\"all\" data-has-bg-color=\"false\" data-bg-color=\"\" data-bg-opacity=\"1\" data-animation=\"\" data-delay=\"0\" >\n\t\t<div class=\"vc_column-inner\" >\n\t\t\t<div class=\"wpb_wrapper\">\n\t\t\t\t<div class=\"divider-wrap\" data-alignment=\"default\"><div style=\"height: 100px;\" class=\"divider\"><\/div><\/div>\n\t<div class=\"wpb_raw_code wpb_content_element wpb_raw_html\" >\n\t\t<div class=\"wpb_wrapper\">\n\t\t\t<h1><strong>POL\u00cdTICA DE PRIVACITAT<\/strong><\/h1>\n<br>\n<br>\n<p>Aquesta Pol\u00edtica de Privadesa estableix els termes en qu\u00e8 Gatera Studio utilitza i protegeix la informaci\u00f3 que els seus usuaris proporcionen en el moment d&#039;utilitzar el vostre lloc web. Aquesta companyia est\u00e0 compromesa amb la seguretat de les dades dels usuaris. Quan us demanem omplir els camps d&#039;informaci\u00f3 personal amb la qual pugueu ser identificat, ho fem assegurant que nom\u00e9s s&#039;emprar\u00e0 d&#039;acord amb els termes d&#039;aquest document. No obstant aix\u00f2, aquesta Pol\u00edtica de Privadesa pot canviar amb el temps o ser actualitzada pel que us recomanem i emfatitzem revisar cont\u00ednuament aquesta p\u00e0gina per assegurar-se que est\u00e0 d&#039;acord amb aquests canvis.<\/p>\n<h2><strong>Informaci\u00f3 que \u00e9s recollida<\/strong><\/h2>\n<br>\n<p>El nostre lloc web podr\u00e0 recollir informaci\u00f3 personal per exemple: Nom, informaci\u00f3 de contacte com la vostra adre\u00e7a de correu electr\u00f2nic i informaci\u00f3 demogr\u00e0fica. Aix\u00ed mateix quan sigui necessari podr\u00e0 ser requerida informaci\u00f3 espec\u00edfica per processar alguna comanda o fer un lliurament o facturaci\u00f3.<\/p>\n<h2><strong>\u00das de la informaci\u00f3 recollida<\/strong><\/h2>\n<br>\n<p>El nostre lloc web empra la informaci\u00f3 per tal de proporcionar el millor servei possible, particularment per mantenir un registre dusuaris, de comandes en cas que apliqui, i millorar els nostres productes i serveis.  \u00c9s possible que siguin enviats correus electr\u00f2nics peri\u00f2dicament a trav\u00e9s del nostre lloc amb ofertes especials, nous productes i altra informaci\u00f3 publicit\u00e0ria que considerem rellevant per a vost\u00e8 o que pugui oferir algun benefici, aquests correus electr\u00f2nics seran enviats a l&#039;adre\u00e7a que vost\u00e8 proporcioni i podran ser cancel\u00b7lats en qualsevol moment.<\/p>\n<p>Gatera Studio est\u00e0 altament comprom\u00e8s per complir amb el comprom\u00eds de mantenir la vostra informaci\u00f3 segura. Fem servir els sistemes m\u00e9s avan\u00e7ats i els actualitzem constantment per assegurar-nos que no hi hagi cap acc\u00e9s no autoritzat.<\/p>\n<h2><strong>Cookies<\/strong><\/h2>\n<br>\n<p>Una galeta es refereix a un fitxer que \u00e9s enviat amb la finalitat de sol\u00b7licitar perm\u00eds per emmagatzemar-se al vostre ordinador, en acceptar aquest fitxer es crea i la galeta serveix llavors per tenir informaci\u00f3 respecte al tr\u00e0nsit web, i tamb\u00e9 facilita les futures visites a una web recurrent. Una altra funci\u00f3 que tenen les cookies \u00e9s que amb elles les web et poden recon\u00e8ixer individualment i per tant oferir-te el millor servei personalitzat de la seva web.<\/p>\n<p>El nostre lloc web empra les galetes per poder identificar les p\u00e0gines que s\u00f3n visitades i la seva freq\u00fc\u00e8ncia. Aquesta informaci\u00f3 \u00e9s emprada \u00fanicament per a an\u00e0lisi estad\u00edstica i despr\u00e9s la informaci\u00f3 s&#039;elimina de manera permanent. Vost\u00e8 pot eliminar les galetes en qualsevol moment des del seu ordinador. No obstant aix\u00f2, les galetes ajuden a proporcionar un millor servei dels llocs web. Vost\u00e8 pot acceptar o negar l&#039;\u00fas de galetes, per\u00f2 la majoria de navegadors accepten galetes autom\u00e0ticament ja que serveix per tenir un millor servei web. Tamb\u00e9 podeu canviar la configuraci\u00f3 del vostre ordinador per declinar les cookies. Si es declinen \u00e9s possible que no pugueu utilitzar alguns dels nostres serveis.<\/p>\n<h2><strong>Enlla\u00e7os a Tercers<\/strong><\/h2>\n<br>\n<p>Aquest lloc web podria contenir enlla\u00e7os a altres llocs que puguin ser del seu inter\u00e8s. Quan vost\u00e8 de clic en aquests enlla\u00e7os i abandoni la nostra p\u00e0gina, ja no tenim control sobre el lloc al qual \u00e9s redirigit i per tant no som responsables dels <a href=\"http:\/\/www.gaterastudio.com\/index.php\/politica-privacidad\/\" target=\"_blank\">termes o privadesa<\/a> ni de la protecci\u00f3 de les seves dades en aquests altres llocs tercers. Aquests llocs estan subjectes a les seves pr\u00f2pies pol\u00edtiques de privadesa per la qual cosa \u00e9s recomanable que els consulteu per confirmar que vost\u00e8 est\u00e0 d&#039;acord amb aquestes.<\/p>\n<h2><strong>Control de la vostra informaci\u00f3 personal<\/strong><\/h2>\n<br>\n<p>En qualsevol moment vost\u00e8 pot restringir la recopilaci\u00f3 o l\u00fas de la informaci\u00f3 personal que \u00e9s proporcionada al nostre lloc web. Cada vegada que se us demani omplir un formulari, com el d&#039;alta d&#039;usuari, podeu marcar o desmarcar l&#039;opci\u00f3 de rebre informaci\u00f3 per correu electr\u00f2nic.  En cas que hagueu marcat l&#039;opci\u00f3 de rebre el nostre butllet\u00ed o publicitat podeu cancel\u00b7lar-la en qualsevol moment.<\/p><p>Aquesta companyia no vendr\u00e0, cedir\u00e0 ni distribuir\u00e0 la informaci\u00f3 personal que \u00e9s recopilada sense el seu consentiment, llevat que sigui requerit per un jutge amb un ordre judicial.<\/p>\n<p>Gatera Studio Es reserva el dret de canviar els termes de la present Pol\u00edtica de Privadesa en qualsevol moment.<\/p><\/p>\n\t\t<\/div>\n\t<\/div>\n\n\t\t\t<\/div> \n\t\t<\/div>\n\t<\/div> \n\n\t<div  class=\"vc_col-sm-1 wpb_column column_container vc_column_container col no-extra-padding inherit_tablet inherit_phone\"  data-padding-pos=\"all\" data-has-bg-color=\"false\" data-bg-color=\"\" data-bg-opacity=\"1\" data-animation=\"\" data-delay=\"0\" >\n\t\t<div class=\"vc_column-inner\" >\n\t\t\t<div class=\"wpb_wrapper\">\n\t\t\t\t\n\t\t\t<\/div> \n\t\t<\/div>\n\t<\/div> \n<\/div><\/div>","protected":false},"excerpt":{"rendered":"POL\u00cdTICA DE PRIVACITAT El present Pol\u00edtica de Privadesa estableix els termes en qu\u00e8 Gatera Studio usa i protegeix la informaci\u00f3 que \u00e9s proporcionada pels seus usuaris al moment d&#039;utilitzar...","protected":false},"author":1,"featured_media":0,"parent":0,"menu_order":0,"comment_status":"closed","ping_status":"closed","template":"","meta":{"_monsterinsights_skip_tracking":false,"_monsterinsights_sitenote_active":false,"_monsterinsights_sitenote_note":"","_monsterinsights_sitenote_category":0,"footnotes":""},"_links":{"self":[{"href":"https:\/\/gaterastudio.com\/cat\/wp-json\/wp\/v2\/pages\/3"}],"collection":[{"href":"https:\/\/gaterastudio.com\/cat\/wp-json\/wp\/v2\/pages"}],"about":[{"href":"https:\/\/gaterastudio.com\/cat\/wp-json\/wp\/v2\/types\/page"}],"author":[{"embeddable":true,"href":"https:\/\/gaterastudio.com\/cat\/wp-json\/wp\/v2\/users\/1"}],"replies":[{"embeddable":true,"href":"https:\/\/gaterastudio.com\/cat\/wp-json\/wp\/v2\/comments?post=3"}],"version-history":[{"count":4,"href":"https:\/\/gaterastudio.com\/cat\/wp-json\/wp\/v2\/pages\/3\/revisions"}],"predecessor-version":[{"id":2427,"href":"https:\/\/gaterastudio.com\/cat\/wp-json\/wp\/v2\/pages\/3\/revisions\/2427"}],"wp:attachment":[{"href":"https:\/\/gaterastudio.com\/cat\/wp-json\/wp\/v2\/media?parent=3"}],"curies":[{"name":"wp","href":"https:\/\/api.w.org\/{rel}","templated":true}]}}